{"id":412,"date":"2021-12-29T23:03:07","date_gmt":"2021-12-29T22:03:07","guid":{"rendered":"http:\/\/freunde-der-kultur.de\/?page_id=412"},"modified":"2022-09-30T11:54:00","modified_gmt":"2022-09-30T09:54:00","slug":"steh-auf","status":"publish","type":"page","link":"https:\/\/freunde-der-kultur.de\/index.php\/steh-auf\/","title":{"rendered":"Steh auf!"},"content":{"rendered":"<p>[et_pb_section fb_built=&#8220;1&#8243; admin_label=&#8220;Hero&#8220; _builder_version=&#8220;4.9.2&#8243; background_color=&#8220;#fcd21d&#8220; background_image=&#8220;http:\/\/freunde-der-kultur.de\/wp-content\/uploads\/2021\/01\/circle-background-pattern.png&#8220; custom_padding=&#8220;|||&#8220; animation_style=&#8220;zoom&#8220; animation_intensity_zoom=&#8220;4%&#8220;][et_pb_row column_structure=&#8220;1_2,1_2&#8243; _builder_version=&#8220;3.25&#8243; background_size=&#8220;initial&#8220; background_position=&#8220;top_left&#8220; background_repeat=&#8220;repeat&#8220; custom_padding=&#8220;|||&#8220; animation_style=&#8220;slide&#8220; animation_direction=&#8220;top&#8220; animation_intensity_slide=&#8220;3%&#8220;][et_pb_column type=&#8220;1_2&#8243; _builder_version=&#8220;3.25&#8243; custom_padding=&#8220;|||&#8220; custom_padding__hover=&#8220;|||&#8220;][et_pb_text _builder_version=&#8220;4.9.2&#8243; text_font=&#8220;Montserrat|500||on|||||&#8220; text_text_color=&#8220;#353740&#8243; text_font_size=&#8220;16px&#8220; text_letter_spacing=&#8220;3px&#8220; background_size=&#8220;initial&#8220; background_position=&#8220;top_left&#8220; background_repeat=&#8220;repeat&#8220; custom_margin=&#8220;||45px|&#8220; animation_style=&#8220;slide&#8220; animation_direction=&#8220;bottom&#8220; locked=&#8220;off&#8220;]<\/p>\n<p>Chorprojekt<\/p>\n<p>[\/et_pb_text][et_pb_text _builder_version=&#8220;3.27.4&#8243; text_font=&#8220;||||||||&#8220; header_font=&#8220;Montserrat|700||on|||||&#8220; header_text_color=&#8220;#353740&#8243; header_font_size=&#8220;60px&#8220; header_line_height=&#8220;1.3em&#8220; background_size=&#8220;initial&#8220; background_position=&#8220;top_left&#8220; background_repeat=&#8220;repeat&#8220; custom_margin=&#8220;|||&#8220; animation_style=&#8220;fade&#8220; header_font_size_last_edited=&#8220;off|desktop&#8220; locked=&#8220;off&#8220;]<\/p>\n<h1>Steh auf!<\/h1>\n<p>[\/et_pb_text][\/et_pb_column][et_pb_column type=&#8220;1_2&#8243; _builder_version=&#8220;3.25&#8243; custom_padding=&#8220;|||&#8220; custom_padding__hover=&#8220;|||&#8220;][et_pb_image src=&#8220;http:\/\/freunde-der-kultur.de\/wp-content\/uploads\/2021\/12\/steh-auf-web.jpeg&#8220; title_text=&#8220;steh auf web&#8220; align=&#8220;right&#8220; _builder_version=&#8220;4.9.2&#8243; _module_preset=&#8220;default&#8220; background_color=&#8220;RGBA(0,0,0,0)&#8220; min_height=&#8220;110px&#8220; max_height=&#8220;161px&#8220; custom_margin=&#8220;||-2px|||&#8220; custom_padding=&#8220;||4px|||&#8220;][\/et_pb_image][\/et_pb_column][\/et_pb_row][\/et_pb_section][et_pb_section fb_built=&#8220;1&#8243; admin_label=&#8220;Case Study Text&#8220; _builder_version=&#8220;3.22&#8243; custom_margin=&#8220;|||&#8220; custom_padding=&#8220;110px||30px|&#8220;][et_pb_row _builder_version=&#8220;3.25&#8243; background_size=&#8220;initial&#8220; background_position=&#8220;top_left&#8220; background_repeat=&#8220;repeat&#8220; animation_style=&#8220;fade&#8220;][et_pb_column type=&#8220;4_4&#8243; _builder_version=&#8220;3.25&#8243; custom_padding=&#8220;|||&#8220; custom_padding__hover=&#8220;|||&#8220;][et_pb_text _builder_version=&#8220;3.27.4&#8243; text_font=&#8220;Montserrat||||&#8220; text_text_color=&#8220;#353740&#8243; text_font_size=&#8220;22px&#8220; text_line_height=&#8220;1.8em&#8220; background_size=&#8220;initial&#8220; background_position=&#8220;top_left&#8220; background_repeat=&#8220;repeat&#8220; animation_style=&#8220;flip&#8220; animation_intensity_flip=&#8220;20%&#8220;]<\/p>\n<p><span>Das Projekt STEH AUF! hat junge Menschen aus Stadtteilen Trier-West und Trier-S\u00fcd eingeladen, sich in der Zusammenarbeit mit einer professionellen Musikerin und Chorleiterin und einem Choreografen als S\u00e4ngerInnen und T\u00e4nzerInnen auszuprobieren. <\/span><\/p>\n<p><span>In der Zusammenarbeit mit der Kurf\u00fcrst-Balduin-Realschule Plus in Trier-West, der Medard Schule in Trier-S\u00fcd und der Nelson Mandela Realschule Plus, hat der Kulturf\u00f6rderverein \u201eFreunde der Kulturf\u00f6rderung e. V.\u201c einen Musical-Projektchor gegr\u00fcndet, der sich in regelm\u00e4\u00dfigen Workshops am Wochenende mit den Songs aus dem Musical ISABEL, aber auch mit anderen bekannten Liedern, besch\u00e4ftigte. Die Jugendlichen erlebten das gemeinsame Singen im Chor, bekamen stimmliche und t\u00e4nzerische Grundlagen vermittelt und entwickelten im Dialog mit den begleitenden K\u00fcnstlerInnen eigene Interpretationen und Choreografien zu den ausgew\u00e4hlten Songs. <\/span><\/p>\n<p>[\/et_pb_text][\/et_pb_column][\/et_pb_row][\/et_pb_section][et_pb_section fb_built=&#8220;1&#8243; prev_background_color=&#8220;#ffffff&#8220; _builder_version=&#8220;4.9.2&#8243; _module_preset=&#8220;default&#8220; background_color=&#8220;#fcd21d&#8220; background_image=&#8220;http:\/\/freunde-der-kultur.de\/wp-content\/uploads\/2021\/01\/circle-background-pattern.png&#8220; custom_padding=&#8220;||121px|||&#8220; top_divider_style=&#8220;arrow3&#8243;][et_pb_row _builder_version=&#8220;4.9.2&#8243; _module_preset=&#8220;default&#8220;][et_pb_column type=&#8220;4_4&#8243; _builder_version=&#8220;4.9.2&#8243; _module_preset=&#8220;default&#8220;][et_pb_video src=&#8220;https:\/\/www.youtube.com\/watch?v=4bpR29OXkpo&#8220; _builder_version=&#8220;4.9.2&#8243; _module_preset=&#8220;default&#8220;][\/et_pb_video][\/et_pb_column][\/et_pb_row][\/et_pb_section][et_pb_section fb_built=&#8220;1&#8243; prev_background_color=&#8220;#fcd21d&#8220; _builder_version=&#8220;4.9.2&#8243; background_color=&#8220;RGBA(0,0,0,0)&#8220; background_image=&#8220;http:\/\/freunde-der-kultur.de\/wp-content\/uploads\/2021\/01\/circle-background-pattern.png&#8220; custom_margin=&#8220;-1px|||||&#8220; custom_padding=&#8220;6px|0px|120px|0px||&#8220; top_divider_style=&#8220;slant2&#8243;][\/et_pb_section][et_pb_section fb_built=&#8220;1&#8243; prev_background_color=&#8220;RGBA(0,0,0,0)&#8220; next_background_color=&#8220;#ffffff&#8220; _builder_version=&#8220;4.9.2&#8243; background_color=&#8220;#fcd21d&#8220; background_image=&#8220;http:\/\/freunde-der-kultur.de\/wp-content\/uploads\/2021\/01\/circle-background-pattern.png&#8220; custom_padding=&#8220;6px|0px|110px|0px||&#8220; top_divider_style=&#8220;arrow&#8220; bottom_divider_style=&#8220;arrow3&#8243;][et_pb_row admin_label=&#8220;Quote&#8220; _builder_version=&#8220;3.25&#8243; background_size=&#8220;initial&#8220; background_position=&#8220;top_left&#8220; background_repeat=&#8220;repeat&#8220; custom_margin=&#8220;-206px|auto||auto||&#8220;][et_pb_column type=&#8220;4_4&#8243; _builder_version=&#8220;3.25&#8243; custom_padding=&#8220;|||&#8220; custom_padding__hover=&#8220;|||&#8220;][et_pb_video src=&#8220;https:\/\/www.youtube.com\/watch?v=LzrXzRLBg6w&#038;t=1s&#8220; _builder_version=&#8220;4.9.2&#8243; _module_preset=&#8220;default&#8220;][\/et_pb_video][\/et_pb_column][\/et_pb_row][\/et_pb_section][et_pb_section fb_built=&#8220;1&#8243; _builder_version=&#8220;4.9.2&#8243; _module_preset=&#8220;default&#8220;][et_pb_row column_structure=&#8220;1_2,1_2&#8243; _builder_version=&#8220;4.9.2&#8243; _module_preset=&#8220;default&#8220;][et_pb_column type=&#8220;1_2&#8243; _builder_version=&#8220;4.9.2&#8243; _module_preset=&#8220;default&#8220;][et_pb_image src=&#8220;http:\/\/freunde-der-kultur.de\/wp-content\/uploads\/2021\/12\/DSC05419-scaled.jpg&#8220; title_text=&#8220;DSC05419&#8243; force_fullwidth=&#8220;on&#8220; _builder_version=&#8220;4.9.2&#8243; _module_preset=&#8220;default&#8220; custom_margin=&#8220;|-1px|1px|||&#8220; custom_padding=&#8220;|2px|0px|||&#8220;][\/et_pb_image][\/et_pb_column][et_pb_column type=&#8220;1_2&#8243; _builder_version=&#8220;4.9.2&#8243; _module_preset=&#8220;default&#8220;][et_pb_image src=&#8220;http:\/\/freunde-der-kultur.de\/wp-content\/uploads\/2021\/12\/DSC05450-scaled.jpg&#8220; title_text=&#8220;DSC05450&#8243; force_fullwidth=&#8220;on&#8220; _builder_version=&#8220;4.9.2&#8243; _module_preset=&#8220;default&#8220;][\/et_pb_image][et_pb_image src=&#8220;http:\/\/freunde-der-kultur.de\/wp-content\/uploads\/2021\/12\/DSC05322-scaled.jpg&#8220; title_text=&#8220;DSC05322&#8243; force_fullwidth=&#8220;on&#8220; _builder_version=&#8220;4.9.2&#8243; _module_preset=&#8220;default&#8220; custom_margin=&#8220;82px|||||&#8220; custom_padding=&#8220;||2px|||&#8220;][\/et_pb_image][\/et_pb_column][\/et_pb_row][\/et_pb_section][et_pb_section fb_built=&#8220;1&#8243; prev_background_color=&#8220;#ffffff&#8220; _builder_version=&#8220;4.9.2&#8243; _module_preset=&#8220;default&#8220; background_color=&#8220;#fcd21d&#8220; background_image=&#8220;http:\/\/freunde-der-kultur.de\/wp-content\/uploads\/2021\/01\/circle-background-pattern-300&#215;133.png&#8220; top_divider_style=&#8220;ramp&#8220; top_divider_height=&#8220;276px&#8220;][et_pb_row _builder_version=&#8220;3.25&#8243; background_size=&#8220;initial&#8220; background_position=&#8220;top_left&#8220; background_repeat=&#8220;repeat&#8220; animation_style=&#8220;fade&#8220; locked=&#8220;off&#8220;][et_pb_column type=&#8220;4_4&#8243; _builder_version=&#8220;3.25&#8243; custom_padding=&#8220;|||&#8220; custom_padding__hover=&#8220;|||&#8220;][et_pb_text _builder_version=&#8220;4.9.2&#8243; text_font=&#8220;Montserrat|700||on|||||&#8220; text_text_color=&#8220;#353740&#8243; text_font_size=&#8220;22px&#8220; text_line_height=&#8220;1.8em&#8220; background_size=&#8220;initial&#8220; background_position=&#8220;top_left&#8220; background_repeat=&#8220;repeat&#8220; custom_padding=&#8220;||0px|||&#8220; animation_style=&#8220;flip&#8220; animation_intensity_flip=&#8220;20%&#8220;]<\/p>\n<p><span>Unterst\u00fctzt von: <\/span><span> <\/span><span><\/span><\/p>\n<p>[\/et_pb_text][et_pb_text _builder_version=&#8220;3.27.4&#8243; text_font=&#8220;Montserrat||||&#8220; text_text_color=&#8220;#353740&#8243; text_font_size=&#8220;22px&#8220; text_line_height=&#8220;1.8em&#8220; background_size=&#8220;initial&#8220; background_position=&#8220;top_left&#8220; background_repeat=&#8220;repeat&#8220; custom_padding=&#8220;||0px|||&#8220; animation_style=&#8220;flip&#8220; animation_intensity_flip=&#8220;20%&#8220;]<\/p>\n<p><span>Kultur macht stark! &#8211; Bundesministerium f\u00fcr Bildung und Forschung <\/span><span><\/span><\/p>\n<p>[\/et_pb_text][\/et_pb_column][\/et_pb_row][et_pb_row column_structure=&#8220;1_2,1_2&#8243; _builder_version=&#8220;3.25&#8243; background_size=&#8220;initial&#8220; background_position=&#8220;top_left&#8220; background_repeat=&#8220;repeat&#8220; animation_style=&#8220;fade&#8220; locked=&#8220;off&#8220;][et_pb_column type=&#8220;1_2&#8243; _builder_version=&#8220;3.25&#8243; custom_padding=&#8220;|||&#8220; custom_padding__hover=&#8220;|||&#8220;][et_pb_image src=&#8220;http:\/\/freunde-der-kultur.de\/wp-content\/uploads\/2021\/12\/BfB_Absendermarke_quer.jpg&#8220; title_text=&#8220;BfB_Absendermarke_quer&#8220; _builder_version=&#8220;4.9.2&#8243; _module_preset=&#8220;default&#8220;][\/et_pb_image][\/et_pb_column][et_pb_column type=&#8220;1_2&#8243; _builder_version=&#8220;3.25&#8243; custom_padding=&#8220;|||&#8220; custom_padding__hover=&#8220;|||&#8220;][et_pb_image src=&#8220;http:\/\/freunde-der-kultur.de\/wp-content\/uploads\/2021\/12\/BMCO_Logo.png&#8220; title_text=&#8220;BMCO_Logo&#8220; _builder_version=&#8220;4.9.2&#8243; _module_preset=&#8220;default&#8220;][\/et_pb_image][\/et_pb_column][\/et_pb_row][et_pb_row _builder_version=&#8220;3.25&#8243; background_size=&#8220;initial&#8220; background_position=&#8220;top_left&#8220; background_repeat=&#8220;repeat&#8220; animation_style=&#8220;fade&#8220; locked=&#8220;off&#8220;][et_pb_column type=&#8220;4_4&#8243; _builder_version=&#8220;3.25&#8243; custom_padding=&#8220;|||&#8220; custom_padding__hover=&#8220;|||&#8220;][et_pb_text _builder_version=&#8220;4.9.2&#8243; text_font=&#8220;Montserrat|700||on|||||&#8220; text_text_color=&#8220;#353740&#8243; text_font_size=&#8220;22px&#8220; text_line_height=&#8220;1.8em&#8220; background_size=&#8220;initial&#8220; background_position=&#8220;top_left&#8220; background_repeat=&#8220;repeat&#8220; custom_padding=&#8220;||3px|||&#8220; animation_style=&#8220;flip&#8220; animation_intensity_flip=&#8220;20%&#8220;]<\/p>\n<p><span>Danke an die OrganisatorInnen und Coaches: <\/span><\/p>\n<p>[\/et_pb_text][et_pb_text _builder_version=&#8220;3.27.4&#8243; text_font=&#8220;Montserrat||||&#8220; text_text_color=&#8220;#353740&#8243; text_font_size=&#8220;22px&#8220; text_line_height=&#8220;1.8em&#8220; background_size=&#8220;initial&#8220; background_position=&#8220;top_left&#8220; background_repeat=&#8220;repeat&#8220; custom_padding=&#8220;||3px|||&#8220; animation_style=&#8220;flip&#8220; animation_intensity_flip=&#8220;20%&#8220;]<\/p>\n<p><span>Julia Olk \u2013 Vocal Coaching und Chorleitung<br \/>Markus Deutsch \u2013 Choreografie<br \/>Dr. Anne Molitor \u2013 Organisation<br \/>Olga Tenigina \u2013 Foto und Video<br \/>Inessa Babkovich \u2013 Design<br \/>Saskia Schleyer \u2013 Berichterstattung<\/span><\/p>\n<p>&nbsp;<\/p>\n<p>[\/et_pb_text][\/et_pb_column][\/et_pb_row][\/et_pb_section]<\/p>\n","protected":false},"excerpt":{"rendered":"<p>Das Projekt STEH AUF! hat junge Menschen aus Stadtteilen Trier-West und Trier-S\u00fcd eingeladen, sich in der Zusammenarbeit mit einer professionellen Musikerin und Chorleiterin und einem Choreografen als S\u00e4ngerInnen und T\u00e4nzerInnen auszuprobieren.<\/p>\n","protected":false},"author":1,"featured_media":417,"parent":0,"menu_order":0,"comment_status":"closed","ping_status":"closed","template":"","meta":{"_et_pb_use_builder":"on","_et_pb_old_content":"","_et_gb_content_width":""},"_links":{"self":[{"href":"https:\/\/freunde-der-kultur.de\/index.php\/wp-json\/wp\/v2\/pages\/412"}],"collection":[{"href":"https:\/\/freunde-der-kultur.de\/index.php\/wp-json\/wp\/v2\/pages"}],"about":[{"href":"https:\/\/freunde-der-kultur.de\/index.php\/wp-json\/wp\/v2\/types\/page"}],"author":[{"embeddable":true,"href":"https:\/\/freunde-der-kultur.de\/index.php\/wp-json\/wp\/v2\/users\/1"}],"replies":[{"embeddable":true,"href":"https:\/\/freunde-der-kultur.de\/index.php\/wp-json\/wp\/v2\/comments?post=412"}],"version-history":[{"count":13,"href":"https:\/\/freunde-der-kultur.de\/index.php\/wp-json\/wp\/v2\/pages\/412\/revisions"}],"predecessor-version":[{"id":604,"href":"https:\/\/freunde-der-kultur.de\/index.php\/wp-json\/wp\/v2\/pages\/412\/revisions\/604"}],"wp:featuredmedia":[{"embeddable":true,"href":"https:\/\/freunde-der-kultur.de\/index.php\/wp-json\/wp\/v2\/media\/417"}],"wp:attachment":[{"href":"https:\/\/freunde-der-kultur.de\/index.php\/wp-json\/wp\/v2\/media?parent=412"}],"curies":[{"name":"wp","href":"https:\/\/api.w.org\/{rel}","templated":true}]}}