{"id":147,"date":"2021-03-23T09:22:49","date_gmt":"2021-03-23T08:22:49","guid":{"rendered":"http:\/\/freunde-der-kultur.de\/?page_id=147"},"modified":"2023-05-16T23:10:01","modified_gmt":"2023-05-16T21:10:01","slug":"home-2","status":"publish","type":"page","link":"https:\/\/freunde-der-kultur.de\/","title":{"rendered":"Verein"},"content":{"rendered":"<p>[et_pb_section fb_built=&#8220;1&#8243; admin_label=&#8220;Hero&#8220; _builder_version=&#8220;3.22&#8243; custom_padding=&#8220;0px|0px|0px|0px&#8220; animation_style=&#8220;zoom&#8220; animation_intensity_zoom=&#8220;4%&#8220;][et_pb_row column_structure=&#8220;1_2,1_2&#8243; use_custom_gutter=&#8220;on&#8220; gutter_width=&#8220;1&#8243; make_equal=&#8220;on&#8220; module_class=&#8220; et_pb_row_fullwidth&#8220; _builder_version=&#8220;4.7.7&#8243; background_color=&#8220;#fcd21d&#8220; background_image=&#8220;http:\/\/freunde-der-kultur.de\/wp-content\/uploads\/2021\/01\/circle-background-pattern.png&#8220; background_position=&#8220;top_left&#8220; background_repeat=&#8220;repeat&#8220; width=&#8220;100%&#8220; width_tablet=&#8220;100%&#8220; width_phone=&#8220;&#8220; width_last_edited=&#8220;on|desktop&#8220; max_width=&#8220;100%&#8220; max_width_tablet=&#8220;100%&#8220; max_width_phone=&#8220;&#8220; max_width_last_edited=&#8220;on|desktop&#8220; custom_padding=&#8220;0px||0px|&#8220; animation_style=&#8220;slide&#8220; animation_direction=&#8220;top&#8220; animation_intensity_slide=&#8220;3%&#8220; make_fullwidth=&#8220;on&#8220;][et_pb_column type=&#8220;1_2&#8243; _builder_version=&#8220;3.25&#8243; custom_padding=&#8220;10%|8%|10%|8%&#8220; custom_padding__hover=&#8220;|||&#8220;][et_pb_text _builder_version=&#8220;4.9.2&#8243; text_font=&#8220;Montserrat|500||on|||||&#8220; text_text_color=&#8220;#353740&#8243; text_font_size=&#8220;16px&#8220; text_letter_spacing=&#8220;3px&#8220; background_size=&#8220;initial&#8220; background_position=&#8220;top_left&#8220; background_repeat=&#8220;repeat&#8220; custom_margin=&#8220;||45px|&#8220; animation_style=&#8220;slide&#8220; animation_direction=&#8220;bottom&#8220; locked=&#8220;off&#8220;][\/et_pb_text][et_pb_text disabled_on=&#8220;on|off|off&#8220; _builder_version=&#8220;4.9.2&#8243; text_font=&#8220;||||||||&#8220; header_font=&#8220;Montserrat|700||on|||||&#8220; header_text_color=&#8220;#f7f7f7&#8243; header_font_size=&#8220;60px&#8220; header_line_height=&#8220;1.3em&#8220; background_size=&#8220;initial&#8220; background_position=&#8220;top_left&#8220; background_repeat=&#8220;repeat&#8220; custom_margin=&#8220;||40px|&#8220; animation_style=&#8220;fade&#8220; text_font_size_tablet=&#8220;&#8220; text_font_size_phone=&#8220;&#8220; text_font_size_last_edited=&#8220;on|phone&#8220; header_font_size_last_edited=&#8220;off|desktop&#8220; locked=&#8220;off&#8220;]<\/p>\n<h1>Freunde<br \/><span style=\"color: #353740;\">Kultur<\/span><br \/><span style=\"color: #ffffff;\">F\u00f6rderung<\/span><\/h1>\n<p>&nbsp;<\/p>\n<p>[\/et_pb_text][et_pb_text disabled_on=&#8220;off|on|on&#8220; _builder_version=&#8220;4.9.2&#8243; text_font=&#8220;Montserrat|700||on|||||&#8220; text_line_height=&#8220;1.3em&#8220; header_font=&#8220;Montserrat|700||on|||||&#8220; header_text_color=&#8220;#f7f7f7&#8243; header_font_size=&#8220;60px&#8220; header_line_height=&#8220;1.3em&#8220; background_size=&#8220;initial&#8220; background_position=&#8220;top_left&#8220; background_repeat=&#8220;repeat&#8220; custom_margin=&#8220;||40px|&#8220; animation_style=&#8220;fade&#8220; text_font_size_tablet=&#8220;&#8220; text_font_size_phone=&#8220;10vw&#8220; text_font_size_last_edited=&#8220;on|phone&#8220; header_font_size_last_edited=&#8220;off|desktop&#8220; locked=&#8220;off&#8220;]<span style=\"color: #ffffff\">Freunde<\/span><br \/>\n<span style=\"color: #353740;\">Kultur<\/span><br \/>\n<span style=\"color: #ffffff;\">F\u00f6rderung<\/span><br \/>\n&nbsp;[\/et_pb_text][et_pb_text _builder_version=&#8220;4.9.2&#8243; text_font=&#8220;Montserrat||||&#8220; text_text_color=&#8220;#353740&#8243; text_font_size=&#8220;24px&#8220; text_line_height=&#8220;1.8em&#8220; header_font=&#8220;||||||||&#8220; background_size=&#8220;initial&#8220; background_position=&#8220;top_left&#8220; background_repeat=&#8220;repeat&#8220; custom_margin=&#8220;||4px|||&#8220; animation_style=&#8220;slide&#8220; animation_direction=&#8220;top&#8220; animation_intensity_slide=&#8220;17%&#8220; locked=&#8220;off&#8220;]<\/p>\n<p>Der Verein Freunde der Kulturfo\u0308rderung e. V. bescha\u0308ftigt sich mit regionalen, soziokulturellen Musik- und Bildungsprojekten <br \/>fu\u0308r Kinder und Jugendliche.<\/p>\n<p>[\/et_pb_text][\/et_pb_column][et_pb_column type=&#8220;1_2&#8243; _builder_version=&#8220;4.7.7&#8243; background_image=&#8220;http:\/\/freunde-der-kultur.de\/wp-content\/uploads\/2021\/03\/024-scaled.jpg&#8220; parallax=&#8220;on&#8220; custom_padding=&#8220;|||&#8220; custom_padding__hover=&#8220;|||&#8220;][\/et_pb_column][\/et_pb_row][\/et_pb_section][et_pb_section fb_built=&#8220;1&#8243; admin_label=&#8220;Service Section&#8220; _builder_version=&#8220;3.22&#8243; custom_margin=&#8220;|||&#8220; custom_padding=&#8220;110px||110px|&#8220;][et_pb_row admin_label=&#8220;Quote&#8220; _builder_version=&#8220;3.25&#8243; background_size=&#8220;initial&#8220; background_position=&#8220;top_left&#8220; background_repeat=&#8220;repeat&#8220;][et_pb_column type=&#8220;4_4&#8243; _builder_version=&#8220;3.25&#8243; custom_padding=&#8220;|||&#8220; custom_padding__hover=&#8220;|||&#8220;][et_pb_text admin_label=&#8220;Quote&#8220; _builder_version=&#8220;4.9.2&#8243; text_text_color=&#8220;#747d88&#8243; text_font_size=&#8220;24px&#8220; text_line_height=&#8220;1.8em&#8220; background_size=&#8220;initial&#8220; background_position=&#8220;top_left&#8220; background_repeat=&#8220;repeat&#8220; text_orientation=&#8220;center&#8220; max_width=&#8220;700px&#8220; module_alignment=&#8220;center&#8220; animation_style=&#8220;flip&#8220; animation_direction=&#8220;top&#8220; animation_intensity_flip=&#8220;20%&#8220;]<\/p>\n<p>Der Verein hat seinen Sitz in Trier und neun ehrenamtliche Mitglieder. Er verfolgt ausschlie\u00dflich gemeinnu\u0308tzige Zwecke. Zweck des Vereins ist die Fo\u0308rderung von Kunst und Kultur, ausgerichtet auf die Zielgruppe der Jugendlichen.<\/p>\n<p>[\/et_pb_text][\/et_pb_column][\/et_pb_row][et_pb_row column_structure=&#8220;1_3,1_3,1_3&#8243; make_equal=&#8220;on&#8220; admin_label=&#8220;Services&#8220; _builder_version=&#8220;3.25&#8243; background_size=&#8220;initial&#8220; background_position=&#8220;top_left&#8220; background_repeat=&#8220;repeat&#8220; custom_padding=&#8220;25px||25px|&#8220;][et_pb_column type=&#8220;1_3&#8243; _builder_version=&#8220;3.25&#8243; custom_padding=&#8220;|||&#8220; custom_padding__hover=&#8220;|||&#8220;][et_pb_blurb title=&#8220;Musikprojekte&#8220; use_icon=&#8220;on&#8220; font_icon=&#8220;%%262%%&#8220; icon_color=&#8220;#fcd21d&#8220; use_icon_font_size=&#8220;on&#8220; icon_font_size=&#8220;60px&#8220; _builder_version=&#8220;4.9.2&#8243; header_font=&#8220;Montserrat|on|||&#8220; header_text_color=&#8220;#353740&#8243; header_font_size=&#8220;22px&#8220; header_line_height=&#8220;1.4em&#8220; body_font=&#8220;Montserrat||||&#8220; body_text_color=&#8220;#747d88&#8243; body_font_size=&#8220;16px&#8220; body_line_height=&#8220;1.8em&#8220; background_size=&#8220;initial&#8220; background_position=&#8220;top_left&#8220; background_repeat=&#8220;repeat&#8220; text_orientation=&#8220;center&#8220; custom_padding=&#8220;30px|30px|30px|30px&#8220; animation_style=&#8220;zoom&#8220; border_width_all=&#8220;0px&#8220; border_color_all=&#8220;#dddddd&#8220; border_style_all=&#8220;solid&#8220; use_border_color=&#8220;on&#8220; border_color=&#8220;#dddddd&#8220;]<\/p>\n<p>Organisation und Unterstu\u0308tzung von Kinder- und Jugendmusikprojekten, Veranstaltungen und Initiativen mit Bildungsinhalten.<\/p>\n<p>[\/et_pb_blurb][\/et_pb_column][et_pb_column type=&#8220;1_3&#8243; _builder_version=&#8220;3.25&#8243; custom_padding=&#8220;|||&#8220; custom_padding__hover=&#8220;|||&#8220;][et_pb_blurb title=&#8220;Talentf\u00f6rderung&#8220; use_icon=&#8220;on&#8220; font_icon=&#8220;%%171%%&#8220; icon_color=&#8220;#fcd21d&#8220; use_icon_font_size=&#8220;on&#8220; icon_font_size=&#8220;60px&#8220; _builder_version=&#8220;4.9.2&#8243; header_font=&#8220;Montserrat|on|||&#8220; header_text_color=&#8220;#353740&#8243; header_font_size=&#8220;22px&#8220; header_line_height=&#8220;1.4em&#8220; body_font=&#8220;Montserrat||||&#8220; body_text_color=&#8220;#747d88&#8243; body_font_size=&#8220;16px&#8220; body_line_height=&#8220;1.8em&#8220; background_size=&#8220;initial&#8220; background_position=&#8220;top_left&#8220; background_repeat=&#8220;repeat&#8220; text_orientation=&#8220;center&#8220; custom_padding=&#8220;30px|30px|30px|30px&#8220; animation_style=&#8220;zoom&#8220; animation_delay=&#8220;100ms&#8220; border_width_all=&#8220;0px&#8220; border_color_all=&#8220;#dddddd&#8220; border_style_all=&#8220;solid&#8220; use_border_color=&#8220;on&#8220; border_color=&#8220;#dddddd&#8220;]<\/p>\n<p>Entwicklung der Sta\u0308rken und Talente der Teilnehmenden. Einbindung und F\u00f6rderung der Kunstschaffenden aus der Region.\u00a0<\/p>\n<p>[\/et_pb_blurb][\/et_pb_column][et_pb_column type=&#8220;1_3&#8243; _builder_version=&#8220;3.25&#8243; custom_padding=&#8220;|||&#8220; custom_padding__hover=&#8220;|||&#8220;][et_pb_blurb title=&#8220;Engagement&#8220; use_icon=&#8220;on&#8220; font_icon=&#8220;%%259%%&#8220; icon_color=&#8220;#fcd21d&#8220; use_icon_font_size=&#8220;on&#8220; icon_font_size=&#8220;60px&#8220; _builder_version=&#8220;4.9.2&#8243; header_font=&#8220;Montserrat|on|||&#8220; header_text_color=&#8220;#353740&#8243; header_font_size=&#8220;22px&#8220; header_line_height=&#8220;1.4em&#8220; body_font=&#8220;Montserrat||||&#8220; body_text_color=&#8220;#747d88&#8243; body_font_size=&#8220;16px&#8220; body_line_height=&#8220;1.8em&#8220; background_size=&#8220;initial&#8220; background_position=&#8220;top_left&#8220; background_repeat=&#8220;repeat&#8220; text_orientation=&#8220;center&#8220; custom_padding=&#8220;30px|30px|30px|30px&#8220; animation_style=&#8220;zoom&#8220; animation_delay=&#8220;200ms&#8220; border_width_all=&#8220;0px&#8220; border_color_all=&#8220;#dddddd&#8220; border_style_all=&#8220;solid&#8220; use_border_color=&#8220;on&#8220; border_color=&#8220;#dddddd&#8220;]<\/p>\n<p>B\u00fcrgerschaftliches Engagement im Kunst- und Kultur-Geschehen mit Win-Win-Effekt in der kulturellen Szene in Trier und Umgebung.<\/p>\n<p>[\/et_pb_blurb][\/et_pb_column][\/et_pb_row][\/et_pb_section][et_pb_section fb_built=&#8220;1&#8243; admin_label=&#8220;Latest Work Section&#8220; _builder_version=&#8220;3.22&#8243; background_color=&#8220;#f7f7f7&#8243; min_height=&#8220;1053.7px&#8220; custom_padding=&#8220;110px||1px|||&#8220;][et_pb_row admin_label=&#8220;Service Section Title&#8220; _builder_version=&#8220;3.25&#8243; background_size=&#8220;initial&#8220; background_position=&#8220;top_left&#8220; background_repeat=&#8220;repeat&#8220; custom_margin=&#8220;||40px|&#8220; animation_style=&#8220;fade&#8220; animation_direction=&#8220;top&#8220; saved_tabs=&#8220;all&#8220;][et_pb_column type=&#8220;4_4&#8243; _builder_version=&#8220;3.25&#8243; custom_padding=&#8220;|||&#8220; custom_padding__hover=&#8220;|||&#8220;][et_pb_text admin_label=&#8220;Title&#8220; _builder_version=&#8220;4.9.2&#8243; text_font=&#8220;Montserrat||||||||&#8220; text_text_color=&#8220;#747d88&#8243; text_font_size=&#8220;16px&#8220; text_line_height=&#8220;1.9em&#8220; header_font=&#8220;||||||||&#8220; header_2_font=&#8220;Montserrat|700||on|||||&#8220; header_2_font_size=&#8220;42px&#8220; header_2_line_height=&#8220;1.3em&#8220; background_size=&#8220;initial&#8220; background_position=&#8220;top_left&#8220; background_repeat=&#8220;repeat&#8220; text_orientation=&#8220;center&#8220; max_width=&#8220;700px&#8220; module_alignment=&#8220;center&#8220; animation_style=&#8220;slide&#8220; animation_direction=&#8220;bottom&#8220; animation_intensity_slide=&#8220;4%&#8220;]<\/p>\n<h2>Unsere Projekte<\/h2>\n<p>[\/et_pb_text][et_pb_text admin_label=&#8220;Subtitle&#8220; _builder_version=&#8220;4.9.2&#8243; text_font=&#8220;Montserrat||||&#8220; text_text_color=&#8220;#747d88&#8243; text_font_size=&#8220;16px&#8220; text_line_height=&#8220;1.8em&#8220; header_font=&#8220;||||||||&#8220; background_size=&#8220;initial&#8220; background_position=&#8220;top_left&#8220; background_repeat=&#8220;repeat&#8220; text_orientation=&#8220;center&#8220; max_width=&#8220;700px&#8220; module_alignment=&#8220;center&#8220; custom_margin=&#8220;|||&#8220; animation_style=&#8220;slide&#8220; animation_direction=&#8220;bottom&#8220; animation_delay=&#8220;100ms&#8220; animation_intensity_slide=&#8220;4%&#8220;]<\/p>\n<p><span>Kinder und Jugendliche\u00a0brauchen Musik und musikverwandte Aktivit\u00e4ten wie Tanz und Bewegung zur pers\u00f6nlichen und kulturellen Entwicklung.<\/span><\/p>\n<p>[\/et_pb_text][\/et_pb_column][\/et_pb_row][et_pb_row _builder_version=&#8220;4.9.2&#8243; _module_preset=&#8220;default&#8220; custom_padding=&#8220;1px||27px|||&#8220; animation_style=&#8220;flip&#8220; animation_direction=&#8220;left&#8220;][et_pb_column type=&#8220;4_4&#8243; _builder_version=&#8220;4.9.2&#8243; _module_preset=&#8220;default&#8220;][et_pb_slider arrows_custom_color=&#8220;#000000&#8243; dot_nav_custom_color=&#8220;#000000&#8243; _builder_version=&#8220;4.9.2&#8243; _module_preset=&#8220;default&#8220; header_font=&#8220;Montserrat|600||on|||||&#8220; header_text_color=&#8220;#000000&#8243; header_line_height=&#8220;1.9em&#8220; body_font=&#8220;Montserrat||||||||&#8220; body_text_align=&#8220;left&#8220; body_text_color=&#8220;rgba(0,0,0,0.44)&#8220; body_font_size=&#8220;16px&#8220; body_line_height=&#8220;1.9em&#8220; background_color=&#8220;RGBA(0,0,0,0)&#8220; custom_button=&#8220;on&#8220; button_text_color=&#8220;#000000&#8243; button_border_width=&#8220;3px&#8220; button_border_radius=&#8220;33px&#8220; button_font=&#8220;Montserrat|700||on|||||&#8220; button_icon=&#8220;%%20%%&#8220; text_orientation=&#8220;left&#8220; min_height=&#8220;627.1px&#8220; custom_margin=&#8220;||55px|||&#8220; custom_padding=&#8220;||100px||false|false&#8220; custom_padding_tablet=&#8220;||75px||false|false&#8220; custom_padding_phone=&#8220;||75px||false|false&#8220; custom_padding_last_edited=&#8220;on|desktop&#8220; hover_enabled=&#8220;0&#8243; sticky_enabled=&#8220;0&#8243;][et_pb_slide heading=&#8220;Star Performance&#8220; button_text=&#8220;Zum Projekt&#8220; button_link=&#8220;@ET-DC@eyJkeW5hbWljIjp0cnVlLCJjb250ZW50IjoicG9zdF9saW5rX3VybF9wYWdlIiwic2V0dGluZ3MiOnsicG9zdF9pZCI6IjYyMCJ9fQ==@&#8220; image=&#8220;https:\/\/freunde-der-kultur.de\/wp-content\/uploads\/2022\/11\/star_-web-1200&#215;1200-09.png&#8220; _builder_version=&#8220;4.9.2&#8243; _dynamic_attributes=&#8220;button_link&#8220; _module_preset=&#8220;default&#8220; sticky_transition=&#8220;on&#8220;]<\/p>\n<p><span>Der Verein Freunde der Kulturf\u00f6rderung e.V. organisiert ein neues und einzigartiges Projekt <\/span><br \/><strong>STAR PERFORMANCE\u00a0<\/strong><span>f\u00fcr musikbegeisterte Jugendliche aus der Region, die an einer zuk\u00fcnftigen Musikausbildung interessiert sind.<\/span><\/p>\n<p>[\/et_pb_slide][et_pb_slide heading=&#8220;Soundcheck&#8220; button_text=&#8220;zum projekt&#8220; button_link=&#8220;https:\/\/freunde-der-kultur.de\/index.php\/849-2\/?et_fb=1&#038;PageSpeed=off&#8220; image=&#8220;https:\/\/freunde-der-kultur.de\/wp-content\/uploads\/2023\/05\/Instapost-sound.png&#8220; _builder_version=&#8220;4.9.2&#8243; _module_preset=&#8220;default&#8220; hover_enabled=&#8220;0&#8243; sticky_transition=&#8220;on&#8220; sticky_enabled=&#8220;0&#8243;]<\/p>\n<div>\n<p><span>ist ein Vocal Workshop fu\u0308r junge Sa\u0308ngerInnen, die mehr u\u0308ber ihre Stimme lernen wollen und dabei wertvolle Tipps und Tricks vom Profi-Coach bekommen und direkt praktisch in einem Abschlusskonzert anwenden ko\u0308nnen.<o:p><\/o:p><\/span><\/p>\n<\/div>\n<p>[\/et_pb_slide][et_pb_slide heading=&#8220;Frau Kontrabass&#8220; button_text=&#8220;zum Projekt&#8220; button_link=&#8220;@ET-DC@eyJkeW5hbWljIjp0cnVlLCJjb250ZW50IjoicG9zdF9saW5rX3VybF9wYWdlIiwic2V0dGluZ3MiOnsicG9zdF9pZCI6Ijc3MCJ9fQ==@&#8220; image=&#8220;https:\/\/freunde-der-kultur.de\/wp-content\/uploads\/2023\/03\/Frau-Kontrabass-1024&#215;1024.png&#8220; _builder_version=&#8220;4.9.2&#8243; _dynamic_attributes=&#8220;button_link,link_option_url&#8220; _module_preset=&#8220;default&#8220; link_option_url=&#8220;@ET-DC@eyJkeW5hbWljIjp0cnVlLCJjb250ZW50IjoicG9zdF9saW5rX3VybF9wYWdlIiwic2V0dGluZ3MiOnsicG9zdF9pZCI6Ijc3MCJ9fQ==@&#8220; sticky_transition=&#8220;on&#8220;]<\/p>\n<p>Dieses Mal k\u00f6nnen wir ein sch\u00f6nes Musik-Projekt f\u00fcr Kindergarten- und Grundschulkinder anbieten. Die wunderbare Musikerin \u2013 Tanja Silcher \u2013 stellt ihr Instrument, den Kontrabass, f\u00fcr die Kindergruppen vor.<\/p>\n<p>[\/et_pb_slide][et_pb_slide heading=&#8220;Perfect Christmas Eve&#8220; button_text=&#8220;zum projekt&#8220; button_link=&#8220;@ET-DC@eyJkeW5hbWljIjp0cnVlLCJjb250ZW50IjoicG9zdF9saW5rX3VybF9wYWdlIiwic2V0dGluZ3MiOnsicG9zdF9pZCI6IjU3NyJ9fQ==@&#8220; image=&#8220;http:\/\/freunde-der-kultur.de\/wp-content\/uploads\/2022\/09\/xmas-08-web-5000&#215;5000-1.png&#8220; _builder_version=&#8220;4.9.2&#8243; _dynamic_attributes=&#8220;button_link&#8220; _module_preset=&#8220;default&#8220; sticky_transition=&#8220;on&#8220;]<\/p>\n<p><span>Jugendliche produzieren unter Anleitung von Profis einen Christmas Song im Tonstudio.<\/span><\/p>\n<p>[\/et_pb_slide][et_pb_slide heading=&#8220;ISABEL &#8211; Musical&#8220; button_text=&#8220;Zum Projekt&#8220; button_link=&#8220;@ET-DC@eyJkeW5hbWljIjp0cnVlLCJjb250ZW50IjoicG9zdF9saW5rX3VybF9wYWdlIiwic2V0dGluZ3MiOnsicG9zdF9pZCI6IjE2NiJ9fQ==@&#8220; image=&#8220;http:\/\/freunde-der-kultur.de\/wp-content\/uploads\/2021\/03\/isabel.png&#8220; _builder_version=&#8220;4.9.2&#8243; _dynamic_attributes=&#8220;button_link&#8220; _module_preset=&#8220;default&#8220; sticky_transition=&#8220;on&#8220;]<\/p>\n<p>Ein neues aktuelles Jugendkulturprojekt aus Trier, mit Bezug auf soziale Brennpunkte und unter Beteiligung lokaler Akteure. ISABEL ist ein neues Jugend-Musical komponiert und geschrieben von zwei K\u00fcnstlerinnen aus Trier. Eine echte Story mit nicht nur realistischen, sondern realen Figuren!<\/p>\n<p>[\/et_pb_slide][et_pb_slide heading=&#8220;Awesome&#8220; button_text=&#8220;Zum Projekt&#8220; button_link=&#8220;@ET-DC@eyJkeW5hbWljIjp0cnVlLCJjb250ZW50IjoicG9zdF9saW5rX3VybF9wYWdlIiwic2V0dGluZ3MiOnsicG9zdF9pZCI6IjIwNCJ9fQ==@&#8220; image=&#8220;http:\/\/freunde-der-kultur.de\/wp-content\/uploads\/2021\/03\/PHOTO-2021-02-08-17-24-47-2.jpg&#8220; _builder_version=&#8220;4.9.2&#8243; _dynamic_attributes=&#8220;button_link&#8220; _module_preset=&#8220;default&#8220; sticky_transition=&#8220;on&#8220;]<\/p>\n<p><span>\u201cAWESOME!\u201d ist ein neues Tanzvideo-Projekt in Trier, bei dem Jugendliche zusammen mit Profis ein Musikvideo produzieren.<\/span><\/p>\n<p><span>Gemeinsam entwickeln und proben Jugendliche in vier Workshops Moves zu dem Song AWESOME \u2013 aus dem Musical \u201eISABEL\u201c.<\/span><\/p>\n<p>[\/et_pb_slide][et_pb_slide heading=&#8220;Steh Auf!&#8220; button_text=&#8220;Zum Projekt&#8220; button_link=&#8220;@ET-DC@eyJkeW5hbWljIjp0cnVlLCJjb250ZW50IjoicG9zdF9saW5rX3VybF9wYWdlIiwic2V0dGluZ3MiOnsicG9zdF9pZCI6IjQxMiJ9fQ==@&#8220; image=&#8220;http:\/\/freunde-der-kultur.de\/wp-content\/uploads\/2021\/12\/steh-auf-web.jpeg&#8220; _builder_version=&#8220;4.9.2&#8243; _dynamic_attributes=&#8220;button_link&#8220; _module_preset=&#8220;default&#8220; background_color=&#8220;RGBA(0,0,0,0)&#8220; background_enable_color=&#8220;on&#8220; sticky_transition=&#8220;on&#8220;]<\/p>\n<p><span>Das Projekt STEH AUF! hat junge Menschen aus Stadtteilen Trier-West und Trier-S\u00fcd eingeladen, sich in der Zusammenarbeit mit einer professionellen Musikerin und Chorleiterin und einem Choreografen als S\u00e4ngerInnen und T\u00e4nzerInnen auszuprobieren.<\/span><\/p>\n<p>[\/et_pb_slide][et_pb_slide heading=&#8220;EX URBE DEI&#8220; button_text=&#8220;Zum Projekt&#8220; button_link=&#8220;@ET-DC@eyJkeW5hbWljIjp0cnVlLCJjb250ZW50IjoicG9zdF9saW5rX3VybF9wYWdlIiwic2V0dGluZ3MiOnsicG9zdF9pZCI6IjUyOSJ9fQ==@&#8220; image=&#8220;https:\/\/freunde-der-kultur.de\/wp-content\/uploads\/2022\/04\/WhatsApp-Image-2022-04-11-at-12.50.26-1024&#215;1024.jpeg&#8220; _builder_version=&#8220;4.9.2&#8243; _dynamic_attributes=&#8220;button_link&#8220; _module_preset=&#8220;default&#8220; background_color=&#8220;RGBA(0,0,0,0)&#8220; background_enable_color=&#8220;on&#8220; sticky_transition=&#8220;on&#8220;]<\/p>\n<p><span>EX URBE DEI \u2013 Trier A\u2019Capella ist ein drei stimmiges Vokalst\u00fcck mit dem wir uns inhaltlich auf die Spuren der R\u00f6mischen Geschichte in der \u00e4ltesten Stadt Deutschlands begeben.<\/span><br \/><span>Eine architektonisch-musikalische Tour durch Trier wird dabei zum Anlass eines Dialogs, in dem die Jugendthemen und -sorgen der Gegenwart und der Antike wie durch einen Bogen miteinander verbunden werden.<\/span><\/p>\n<p>[\/et_pb_slide][et_pb_slide heading=&#8220;The Stage Is Yours&#8220; button_text=&#8220;Zum Projekt&#8220; button_link=&#8220;@ET-DC@eyJkeW5hbWljIjp0cnVlLCJjb250ZW50IjoicG9zdF9saW5rX3VybF9wYWdlIiwic2V0dGluZ3MiOnsicG9zdF9pZCI6IjQ5MyJ9fQ==@&#8220; image=&#8220;https:\/\/freunde-der-kultur.de\/wp-content\/uploads\/2022\/11\/logo-tSiY-cmyk-scaled.jpg&#8220; _builder_version=&#8220;4.9.2&#8243; _dynamic_attributes=&#8220;button_link&#8220; _module_preset=&#8220;default&#8220; header_font_size=&#8220;40px&#8220; background_color=&#8220;RGBA(0,0,0,0)&#8220; background_enable_color=&#8220;on&#8220; sticky_transition=&#8220;on&#8220;]<\/p>\n<p><span>Das Projekt THE STAGE IS YOURS ist die Jugendkunstausstellung bzw. eine Installation, die eine k\u00fcnstlerische Auseinandersetzung mit der Phase des Erwachsenwerdens junger Menschen darstellt.\u00a0<\/span><\/p>\n<p>[\/et_pb_slide][\/et_pb_slider][\/et_pb_column][\/et_pb_row][et_pb_row column_structure=&#8220;1_2,1_2&#8243; _builder_version=&#8220;4.9.2&#8243; _module_preset=&#8220;default&#8220; min_height=&#8220;44px&#8220; custom_margin=&#8220;-46px|auto||auto||&#8220; custom_padding=&#8220;0px||1px|||&#8220;][et_pb_column type=&#8220;1_2&#8243; _builder_version=&#8220;4.9.2&#8243; _module_preset=&#8220;default&#8220;][et_pb_text _builder_version=&#8220;4.9.2&#8243; _module_preset=&#8220;default&#8220; text_font=&#8220;Montserrat||||||||&#8220; text_font_size=&#8220;16px&#8220; text_orientation=&#8220;right&#8220;]<\/p>\n<p><strong>Ihre Spende hilft uns die Projekte durchzuf\u00fchren:<\/strong><\/p>\n<p>[\/et_pb_text][\/et_pb_column][et_pb_column type=&#8220;1_2&#8243; _builder_version=&#8220;4.9.2&#8243; _module_preset=&#8220;default&#8220;][et_pb_code _builder_version=&#8220;4.9.2&#8243; _module_preset=&#8220;default&#8220;]<\/p>\n<form action=\"https:\/\/www.paypal.com\/donate\" method=\"post\" target=\"_top\"><!-- [et_pb_line_break_holder] --><input type=\"hidden\" name=\"hosted_button_id\" value=\"F6N95S82GBJMY\" \/><!-- [et_pb_line_break_holder] --><input type=\"image\" src=\"https:\/\/www.paypalobjects.com\/de_DE\/DE\/i\/btn\/btn_donateCC_LG.gif\" border=\"0\" name=\"submit\" title=\"PayPal - The safer, easier way to pay online!\" alt=\"Spenden mit dem PayPal-Button\" \/><!-- [et_pb_line_break_holder] --><img loading=\"lazy\" alt=\"\" border=\"0\" src=\"https:\/\/www.paypal.com\/de_DE\/i\/scr\/pixel.gif\" width=\"1\" height=\"1\" \/><!-- [et_pb_line_break_holder] --><\/form>\n<p>[\/et_pb_code][\/et_pb_column][\/et_pb_row][\/et_pb_section][et_pb_section fb_built=&#8220;1&#8243; prev_background_color=&#8220;#f7f7f7&#8243; admin_label=&#8220;Contact Form Section&#8220; _builder_version=&#8220;4.9.2&#8243; background_color=&#8220;#fcd21d&#8220; min_height=&#8220;312px&#8220; custom_margin=&#8220;-162px||-8px|||&#8220; custom_padding=&#8220;0px||110px|||&#8220; top_divider_style=&#8220;asymmetric&#8220; top_divider_height=&#8220;285px&#8220; animation_direction=&#8220;bottom&#8220; saved_tabs=&#8220;all&#8220;][\/et_pb_section]<\/p>\n","protected":false},"excerpt":{"rendered":"<p>vhvhjv<\/p>\n","protected":false},"author":1,"featured_media":0,"parent":0,"menu_order":0,"comment_status":"closed","ping_status":"closed","template":"","meta":{"_et_pb_use_builder":"on","_et_pb_old_content":"","_et_gb_content_width":""},"_links":{"self":[{"href":"https:\/\/freunde-der-kultur.de\/index.php\/wp-json\/wp\/v2\/pages\/147"}],"collection":[{"href":"https:\/\/freunde-der-kultur.de\/index.php\/wp-json\/wp\/v2\/pages"}],"about":[{"href":"https:\/\/freunde-der-kultur.de\/index.php\/wp-json\/wp\/v2\/types\/page"}],"author":[{"embeddable":true,"href":"https:\/\/freunde-der-kultur.de\/index.php\/wp-json\/wp\/v2\/users\/1"}],"replies":[{"embeddable":true,"href":"https:\/\/freunde-der-kultur.de\/index.php\/wp-json\/wp\/v2\/comments?post=147"}],"version-history":[{"count":42,"href":"https:\/\/freunde-der-kultur.de\/index.php\/wp-json\/wp\/v2\/pages\/147\/revisions"}],"predecessor-version":[{"id":862,"href":"https:\/\/freunde-der-kultur.de\/index.php\/wp-json\/wp\/v2\/pages\/147\/revisions\/862"}],"wp:attachment":[{"href":"https:\/\/freunde-der-kultur.de\/index.php\/wp-json\/wp\/v2\/media?parent=147"}],"curies":[{"name":"wp","href":"https:\/\/api.w.org\/{rel}","templated":true}]}}